e greatest common divisor of 16 and 94160.
16
What is the highest common factor of 854 and 6466?
122
Calculate the highest common factor of 170 and 20.
10
Calculate the greatest common factor of 351 and 2160.
27
What is the highest common divisor of 5244 and 24?
12
What is the greatest common divisor of 125 and 775?
25
What is the highest common factor of 180 and 135?
45
What is the greatest common divisor of 35 and 109375?
35
Calculate the greatest common divisor of 2120 and 80.
40
What is the greatest common factor of 1241 and 391?
17
What is the greatest common factor of 56 and 35?
7
What is the greatest common divisor of 62 and 28?
2
What is the highest common divisor of 35 and 46725?
35
What is the highest common factor of 299 and 65?
13
What is the highest common factor of 1936 and 121?
121
What is the highest common divisor of 6 and 39?
3
Calculate the greatest common divisor of 7 and 189.
7
What is the highest common factor of 4984 and 16?
8
Calculate the greatest common factor of 171 and 152.
19
What is the highest common factor of 95 and 1007?
19
Calculate the highest common divisor of 12580 and 68.
68
Calculate the highest common divisor of 60 and 2292.
12
Calculate the highest common divisor of 4155 and 15.
15
What is the greatest common factor of 28 and 707?
7
What is the greatest common divisor of 17 and 204?
17
What is the greatest common divisor of 11 and 979?
11
What is the greatest common factor of 18 and 18?
18
What is the highest common factor of 882 and 98?
98
Calculate the highest common divisor of 4883 and 209.
19
What is the greatest common divisor of 55 and 85?
5
Calculate the highest common divisor of 864 and 2700.
108
Calculate the highest common factor of 38 and 190.
38
What is the greatest common divisor of 128 and 56?
8
Calculate the highest common divisor of 70 and 1610.
70
What is the greatest common factor of 2666 and 434?
62
Calculate the highest common factor of 93 and 496.
31
Calculate the highest common divisor of 183 and 4819.
61
What is the greatest common factor of 29 and 1247?
29
Calculate the highest common divisor of 808 and 707.
101
Calculate the greatest common factor of 2304 and 36.
36
What is the highest common divisor of 18 and 3264?
6
Calculate the highest common divisor of 27 and 81.
27
What is the greatest common factor of 51 and 119?
17
Calculate the greatest common factor of 24 and 2427.
3
Calculate the greatest common factor of 12 and 2376.
12
Calculate the greatest common factor of 375 and 12125.
125
What is the greatest common divisor of 395 and 14536?
79
Calculate the greatest common factor of 1750 and 14.
14
Calculate the greatest common divisor of 2330 and 10.
10
What is the highest common divisor of 871 and 603?
67
Calculate the greatest common divisor of 775 and 31.
31
Calculate the highest common factor of 96 and 5664.
96
Calculate the highest common divisor of 69 and 552.
69
Calculate the greatest common divisor of 105 and 1800.
15
What is the highest common factor of 111 and 185?
37
What is the highest common factor of 110 and 495?
55
Calculate the highest common divisor of 34 and 18.
2
Calculate the highest common factor of 104 and 24.
8
Calculate the greatest common factor of 522 and 162.
18
What is the highest common factor of 665 and 4256?
133
Calculate the highest common divisor of 7416 and 72.
72
Calculate the highest common factor of 5 and 19.
1
Calculate the greatest common divisor of 147 and 245.
49
Calculate the greatest common factor of 320 and 25.
5
Calculate the highest common divisor of 1164 and 22.
2
What is the greatest common factor of 625 and 325?
25
What is the greatest common divisor of 253 and 33?
11
What is the highest common divisor of 37 and 703?
37
Calculate the highest common divisor of 36 and 9837.
9
What is the greatest common divisor of 16 and 1536?
16
Calculate the highest common divisor of 1927 and 47.
47
What is the greatest common factor of 551 and 261?
29
Calculate the greatest common divisor of 4524 and 2028.
156
Calculate the highest common divisor of 90 and 150.
30
Calculate the greatest common divisor of 24 and 60.
12
Calculate the highest common divisor of 109 and 872.
109
Calculate the highest common divisor of 56 and 28.
28
What is the greatest common factor of 287 and 35?
7
What is the greatest common divisor of 2 and 2738?
2
Calculate the greatest common factor of 4756 and 116.
116
What is the highest common factor of 36 and 882?
18
Calculate the highest common divisor of 940 and 20.
20
What is the greatest common divisor of 27 and 90?
9
Calculate the greatest common factor of 18496 and 2.
2
Calculate the highest common factor of 752 and 3713.
47
What is the greatest common divisor of 247 and 779?
19
What is the highest common divisor of 171 and 81?
9
Calculate the greatest common divisor of 9701 and 109.
109
What is the highest common factor of 154 and 1958?
22
What is the highest common divisor of 78 and 832?
26
Calculate the highest common factor of 24 and 224.
8
What is the highest common divisor of 5902 and 26?
26
What is the highest common factor of 840 and 3885?
105
What is the highest common divisor of 2626 and 3232?
202
Calculate the greatest common divisor of 66 and 209.
11
What is the highest common divisor of 155 and 62?
31
Calculate the highest common divisor of 306 and 18.
18
What is the greatest common divisor of 200 and 16?
8
Calculate the greatest common divisor of 555 and 240.
15
Calculate the highest common factor of 1120 and 2560.
160
What is the highest common factor of 1570 and 20?
10
Calculate the greatest common divisor of 232 and 29.
29
What is the highest common divisor of 6 and 186?
6
What is the greatest common factor of 1280 and 7840?
160
What is the greatest common divisor of 143 and 91?
13
What is the highest common divisor of 3506 and 2?
2
Calculate the greatest common divisor of 237 and 12561.
237
What is the greatest common factor of 559 and 645?
43
What is the greatest common factor of 440 and 16?
8
Calculate the greatest common divisor of 595 and 140.
35
Calculate the greatest common divisor of 726 and 5214.
66
What is the highest common factor of 7 and 3605?
7
What is the highest common divisor of 105 and 1?
1
Calculate the greatest common divisor of 26668 and 236.
236
Calculate the highest common factor of 481 and 39.
13
What is the greatest common factor of 60 and 36?
12
Calculate the greatest common divisor of 5922 and 567.
63
What is the highest common divisor of 236 and 5?
1
Calculate the greatest common factor of 2035 and 275.
55
Calculate the greatest common factor of 6181 and 7.
7
Calculate the greatest common factor of 70 and 8050.
70
What is the greatest common factor of 266 and 114?
38
Calculate the greatest common factor of 378 and 98.
14
Calculate the greatest common divisor of 9 and 834.
3
What is the highest common factor of 561 and 22?
11
Calculate the highest common divisor of 28 and 378.
14
Calculate the highest common divisor of 536 and 67.
67
What is the highest common factor of 36 and 84?
12
What is the highest common factor of 75 and 645?
15
What is the highest common factor of 1020 and 48?
12
What is the greatest common factor of 819 and 987?
21
Calculate the highest common divisor of 24 and 1704.
24
What is the highest common divisor of 2445 and 15?
15
What is the highest common divisor of 69 and 713?
23
What is the highest common divisor of 21 and 672?
21
Calculate the highest common divisor of 168 and 616.
56
Calculate the highest common divisor of 69046 and 38.
38
Calculate the greatest common factor of 1335 and 15.
15
Calculate the highest common divisor of 51 and 119.
17
What is the highest common factor of 14 and 108696?
14
What is the highest common factor of 594 and 42?
6
Calculate the greatest common divisor of 7 and 2646.
7
What is the greatest common divisor of 16 and 28?
4
Calculate the greatest common divisor of 125 and 22625.
125
Calculate the highest common divisor of 54 and 2187.
27
What is the greatest common factor of 23 and 19?
1
What is the highest common divisor of 6970 and 246?
82
What is the highest common divisor of 745 and 2533?
149
Calculate the greatest common factor of 2 and 1094.
2
Calculate the greatest common factor of 1899 and 9.
9
What is th